In base 14, what is 67 - d?
58
In base 16, what is 124 + 3?
127
In base 9, what is -232 - -24?
-207
In base 5, what is -10100 + 1?
-10044
In base 3, what is 11020 - 2?
11011
In base 6, what is 1015 - 211?
404
In base 13, what is 4b + 8?
56
In base 15, what is -17 - -7?
-10
In base 7, what is 3 + 230?
233
In base 5, what is 11 + 21?
32
In base 5, what is -1 + 10243?
10242
In base 11, what is 81 - 13?
69
In base 10, what is 1 - -432?
433
In base 11, what is -55 + -1?
-56
In base 7, what is -15232 + 4?
-15225
In base 10, what is 1 + 99?
100
In base 3, what is 2000120 + -1?
2000112
In base 6, what is 3 + -1450?
-1443
In base 3, what is -220222 + 202?
-220020
In base 7, what is 0 + 626?
626
In base 10, what is 9894 + -3?
9891
In base 15, what is -2 - 399?
-39b
In base 8, what is -115 - -1?
-114
In base 16, what is -3 - 24c?
-24f
In base 8, what is -625 + 0?
-625
In base 16, what is -1c5 - f?
-1d4
In base 5, what is 2 + 1100?
1102
In base 7, what is -2 + 32?
30
In base 6, what is -10 - -3520?
3510
In base 11, what is 152 - -116?
268
In base 10, what is 4 - -1357?
1361
In base 10, what is 593 + -1?
592
In base 15, what is 118b3 - 0?
118b3
In base 12, what is 1 - a67?
-a66
In base 10, what is -966 + -20?
-986
In base 12, what is 3 - 334?
-331
In base 9, what is 662 - 1?
661
In base 4, what is 103320 + -1?
103313
In base 12, what is -4 - 132?
-136
In base 15, what is c70 - -4?
c74
In base 14, what is -218 + 3?
-215
In base 14, what is -9 + -44?
-4d
In base 12, what is 2 + 6b?
71
In base 2, what is 0 + -111011010?
-111011010
In base 12, what is -851 + 1?
-850
In base 8, what is 120 - 0?
120
In base 15, what is -3e - 6?
-45
In base 15, what is 14d - -2?
150
In base 12, what is -16 - -101?
a7
In base 11, what is 0 - 7a9?
-7a9
In base 16, what is 3 + 40?
43
In base 3, what is 0 - -10?
10
In base 6, what is -23 + -5421?
-5444
In base 11, what is 249 + -48?
201
In base 5, what is 221 + 0?
221
In base 4, what is -11 + -332?
-1003
In base 7, what is -124 - -145?
21
In base 6, what is 1440 - 210?
1230
In base 12, what is -5 - -1988?
1983
In base 12, what is -322 - 2?
-324
In base 16, what is 2fb + 4?
2ff
In base 16, what is c - -63?
6f
In base 5, what is 2 - -320?
322
In base 6, what is -1104 + -3?
-1111
In base 5, what is -423 - -4?
-414
In base 14, what is 1c5 + -1?
1c4
In base 6, what is 2303 - -13?
2320
In base 7, what is -2 + -506?
-511
In base 16, what is -12 - -4?
-e
In base 5, what is 1 - 1?
0
In base 4, what is 30302 - -11?
30313
In base 10, what is -13 + -5?
-18
In base 14, what is -6 - 67?
-6d
In base 2, what is 110011 - 11?
110000
In base 13, what is -3b - -19?
-22
In base 11, what is -121 + -5?
-126
In base 3, what is 2 - -11022102?
11022111
In base 15, what is -1d - -1ba?
19c
In base 10, what is 5 + -128?
-123
In base 14, what is 39dc + 4?
3a02
In base 9, what is -20 - 470?
-500
In base 9, what is 2 - -3105?
3107
In base 15, what is 2e + 1b?
4a
In base 3, what is -102 - -220?
111
In base 3, what is -1212120 - -10?
-1212110
In base 2, what is -1110100100 - 10110?
-1110111010
In base 11, what is 4 + -3a7?
-3a3
In base 5, what is -10 - 122?
-132
In base 3, what is 221200 - 1?
221122
In base 3, what is -10110 - -210?
-2200
In base 6, what is -12 - 253?
-305
In base 15, what is 2b - 2?
29
In base 14, what is 6 + 30?
36
In base 8, what is 4 - -1763?
1767
In base 12, what is 1145 - -2?
1147
In base 5, what is 4 + 10?
14
In base 5, what is -113 - -12?
-101
In base 13, what is -6c2 + 5?
-6ba
In base 12, what is 2 + -3?
-1
In base 8, what is 76 - 10?
66
In base 13, what is -2 - -11b?
119
In base 6, what is 44 - 2?
42
In base 11, what is -3 + a?
7
In base 13, what is 17b + 17?
195
In base 8, what is -1 - 41?
-42
In base 9, what is 1 + 251?
252
In base 2, what is -1 + 1010100100101?
1010100100100
In base 14, what is -18 - 1?
-19
In base 5, what is 0 - -1?
1
In base 12, what is 231 + -1?
230
In base 3, what is 11 + -1010011?
-1010000
In base 12, what is 51a - -5?
523
In base 14, what is 2c86 - -3?
2c89
In base 13, what is 132 + 5?
137
In base 9, what is 1 + 201?
202
In base 4, what is 1223 + -2?
1221
In base 6, what is 35 + 550?
1025
In base 15, what is -46 + 1?
-45
In base 9, what is -3 - -8?
5
In base 9, what is -3 + 5?
2
In base 3, what is -120011 - 10?
-120021
In base 11, what is -1068 + 2?
-1066
In base 3, what is -1002112 - -12?
-1002100
In base 4, what is -331 + 210?
-121
In base 11, what is 14 - -22?
36
In base 10, what is -5 - 941?
-946
In base 4, what is 201 - 11?
130
In base 11, what is 23 - -2?
25
In base 10, what is -40 + -16?
-56
In base 4, what is 221232 - -2?
221300
In base 7, what is 46 + -641?
-562
In base 2, what is -100 - -100100?
100000
In base 12, what is 5 - -5b1?
5b6
In base 6, what is -513 - 5?
-522
In base 6, what is 52 - 2?
50
In base 9, what is 26 + -17?
8
In base 11, what is 2 - 36?
-34
In base 2, what is -101 + 1100?
111
In base 12, what is 4 - -268?
270
In base 3, what is 1221010 - 12?
1220221
In base 15, what is -3 + -152?
-155
In base 13, what is -219 - 3?
-21c
In base 7, what is -311 + 13?
-265
In base 8, what is -31 + 150?
117
In base 5, what is -24 - 3200?
-3224
In base 9, what is 78 + -61?
17
In base 16, what is -40 + -55?
-95
In base 13, what is -38a + -7?
-394
In base 4, what is 10 - 32211?
-32201
In base 12, what is -1b - 37?
-56
In base 13, what is -10 + -4c?
-5c
In base 10, what is 0 + 79?
79
In base 11, what is -8 + -34?
-41
In base 15, what is -1 - 109?
-10a
In base 8, what is 110651 - -5?
110656
In base 8, what is 261 - -3?
264
In base 13, what is 2053 + -4?
204c
In base 11, what is 18 + 15?
32
In base 9, what is -102 - 10?
-112
In base 7, what is -22 - -211?
156
In base 8, what is -737 - 2?
-741
In base 13, what is -1b32 - 4?
-1b36
In base 9, what is -145 - -4?
-141
In base 7, what is 5 + 106?
114
In base 14, what is -6 + b0?
a8
In base 12, what is 21 + 15?
36
In base 10, what is 25 + 11?
36
In base 3, what is -1 - -1000212?
1000211
In base 10, what is 48 + -5?
43
In base 16, what is -2b3 + 5?
-2ae
In base 5, what is 210124 - 10?
210114
In base 14, what is -5 - 1892?
-1897
In base 3, what is 0 + 20121200?
20121200
In base 9, what is -1 + 77?
76
In base 12, what is 40a1 - 0?
40a1
In base 7, what is 22 - 35?
-13
In base 15, what is 0 - 274?
-274
In base 10, what is 5671 - 3?
5668
In base 7, what is -110 + -11?
-121
In base 3, what is -1111021 + 11?
-1111010
In base 6, what is -54 - -12?
-42
In base 3, what is -1000 + 1?
-222
In base 2, what is -11 - 111101?
-1000000
In base 13, what is -bc - -3?
-b9
In base 5, what is -220 - -40?
-130
In base 7, what is -410 + 4?
-403
In base 7, what is 3 + 14?
20
In base 8, what is 0 - 131?
-131
In base 11, what is 72 - -4?
76
In base 5, what is 210 - 1?
204
In base 10, what is 8 - 516?
-508
In base 10, what is -2 + 3592?
3590
In base 13, what is 0 + 175?
175
In base 14, what is -2 - 49?
-4b
In base 14, what is -1 + -47?
-48
In base 12, what is 15 + a?
23
In base 12, what is -a7 + 6?
-a1
In base 15, what is -5 + -78?
-7d
In base 16, what is 56 + -6?
50
In base 12, what is -151 + 4?
-149
In base 15, what is 0 - 23c?
-23c
In base 11, what is -8 + 71?
64
In base 9, what is -36448 + -2?
-36451
In base 7, what is 0 + -150?
-150
In base 13, what is -11 - -4?
-a
In base 12, what is -6 + 1b55?
1b4b
In base 13, what is -16a4 + 1?
-16a3
In base 10, what is 0 - 731?
-731
In base 13, what is -5c + 16?
-46
In base 10, what is -3 - -15?
12
In base 9, what is 5 - -2135?
2141
In base 3, what is -111 + -1100?
-1211
In base 8, what is -3 + -205?
-210
In base 4, what is 10 + 1210032?
1210102
In base 16, what is 0 + -5a3?
-5a3
In base 16, what is -27f - 5?
-284
In base 5, what is -322314 + -3?
-322322
In base 2, what is -101001 + 10010?
-10111
In base 11, what is 3 - 2aa?
-2a7
In base 6, what is 1 + 130?
131
In base 12, what is 2404 - 5?
23bb
In base 8, what is -126 + 12?
-114
In base 2, what is 110100010 - 1?
110100001
In base 9, what is -5 + 527?
522
In base 2, what is 11 + 10000010001101?
10000010010000
In base 7, what is 63 - 1?
62
In base 9, what is 150 - -24?
174
In base 2, what is 111 + -111?
0
In base 6, what is -3332 - -2?
-3330
In base 8, what is -26 + -12?
-40
In base 2, what is 1 + -101101?
-101100
In base 10, what is 5428 + -4?
5424
In base 9, what is 7 - -437?
445
In base 12, what is